(7 + -5 + 26)) + -11.
22
Evaluate (-10 + 16 - -8) + -3 - 40.
-29
Evaluate -271 - -197 - (3 - 24).
-53
Evaluate (5 - 11 - (-2 - -95)) + -23 + 30 + 4.
-88
What is the value of 0 + 9 + 2 + 16 + 1 + -58 + 3?
-27
-2 + 8 + (-11 - -19) + 17
31
(13 - -1) + 104 + -112 - -7
13
What is 27 + 0 + -10276 + 10381?
132
(-2 - -57) + -4708 + 4631
-22
What is -15 + 11 + 16 + 11 + -10 + (-1 - 4)?
8
What is the value of 4 - ((1 - 5) + 53 + 36 + -39)?
-42
(159 - 140) + 47 + 5 + 1
72
Calculate 16 - (4 + 12 + (7 - (4 + 10)) - 11).
18
-18 + 34 - ((19 - 11) + -1 + -20)
29
82 + (-2 + -1 - (-12 - (1 + 2 + -19)))
75
What is -39 - (-17 + -12 + 26) - (75 - 54)?
-57
What is 98 + (7 + -4 - -7) + 50 + (6 - 56)?
108
Evaluate 7 + 1 - (16 - (25 - -52)).
69
What is (44 - (-101 + 34)) + -20?
91
What is (-1 - -8) + -23 - (-56 - -59)?
-19
What is the value of 279 - (141 + -11) - 14?
135
(18 - 24) + 3 + (5 - (0 + 3)) - 11
-12
Evaluate 10 - (11 - 3) - (36 + -15).
-19
(104 + -95 - -171) + -60
120
Calculate 19 + -10 - (-190 + 187).
12
What is the value of -18 + 11 + -1 - ((-10 - (11 - 63)) + -5)?
-45
4 + 53 + -16 - 7
34
5 + (68 + -30 + -3 - -34)
74
Evaluate (-8 - -63) + (-41 - 1).
13
(-109 - (-12 + -100)) + -81
-78
What is -23 - -70 - 8 - (5 - -21)?
13
What is the value of -21 + (31 - (-33 - -42)) + -91?
-90
Evaluate -10 + (-34 - -41 - (4 + 1)) + -2 - -106.
96
Evaluate -35 + -30 + 16 - (37 + -13).
-73
What is -19 + 51 - (1 - (-2 + 4))?
33
-216 - -208 - ((-5 - -12 - 0) + 2)
-17
What is the value of -88 - (48 + -105) - -56?
25
What is the value of -153 - (-84 + (124 - 229))?
36
Evaluate -19 + 1 + (-2 + -61 - -12).
-69
What is 6 - (8 - ((-2 - -5) + 21 + -22) - 22)?
22
What is 2 + -1 - -2 - (51 + (53 - 130))?
29
What is the value of (1 - 60) + (-93 + 23 - -88)?
-41
What is -5 + -14 - (-23 + 18 + 4 + -7)?
-11
What is (11 + -17 + -4 - -5) + -4 - 27?
-36
Calculate -7 + -49 + -7 + -4 + (-2 - -8 - 4).
-65
What is 118 + (35 + 1 + (-333 - -314) - 37)?
98
Calculate -15 + 40 + 9 - (-3 - 7).
44
Evaluate (-8 - -23) + 66 + (-1 + 6 - 25).
61
Evaluate -53 + (2 - (-3 + 8) - (-25 - -12 - -8)).
-51
What is -83 - (32 - (-35 - -106))?
-44
Evaluate (9 - -2 - -5 - 1) + -5 - (27 + 27).
-44
What is 27 - (15 + 10 - 7) - 68?
-59
What is the value of -8 + -10 + 7 + -32 - (-315 - -329)?
-57
What is -14 + -6 + 46 + (-35 - -11)?
2
What is (65 - 62) + (1 - 4) - -9 - 57?
-48
-1 + (37 - 75) - -38
-1
Evaluate 40 + -57 + -20 - -53.
16
What is (347 - 291) + (-47 - 2)?
7
What is -3 + 56 - (-211 - -285)?
-21
What is (-16 - (-126 - 20)) + 98 + -132?
96
Evaluate (-22 - (9 - -34) - -32) + 12.
-21
Evaluate (-50 - -73 - 19) + 56.
60
What is -116 + (17 - (26 - 54))?
-71
-138 - (3 - (15 - (20 - 16)) - (-5 + 12))
-123
-50 + (23 - (-54 - -2))
25
What is 110 + (-3 - (-25 - 11)) + -53?
90
What is the value of 1 + 61 + -44 - 57?
-39
What is the value of 48 + 5 + -96 - (-22 - 2)?
-19
What is the value of 118 - (167 - (100 + -17))?
34
104 + -91 + ((-6 - 4) + 6 - 8)
1
33 - (-35 + (-21 - -86))
3
Calculate -1 - 0 - (68 + (24 - 161)).
68
What is the value of -15 - (1 + -20 - (-482 + 465))?
-13
What is the value of -10 + (-17 + 0 - -16) - 7?
-18
Calculate -1257 + 1241 - (1 + -4 - -16).
-29
What is (1 - -7) + (63 - 144) + 107?
34
What is 34 + ((0 - 5) + 7 + -2 + 5 - 12)?
27
Calculate 13 + -21 + -9 - (0 + (-3 - 1)).
-13
What is the value of -5 - 32 - (30 + -52 + 19)?
-34
Calculate 63 - -1 - (41 - (44 + -34 + 55)).
88
-69 - -5 - (-15 - (-15 + 9))
-55
What is the value of 142 - (-10 + -13 + (6 - -3) - -24)?
132
Evaluate -56 + 16 + 56 + -37.
-21
6031 - 5935 - (2 + 51)
43
-16 + (15 - (3 + 5) - -4 - 1) - 33
-39
Calculate (5 - 0) + (13 - (106 + -5)) - (35 + -22).
-96
What is -20 - (1 + -3 - (77 + (98 - 126)))?
31
(-1 - -39) + (16 - -2 - (1 - (-20 + -9)))
26
-16 - (-94 - -106) - (4 + -44)
12
What is -17 - (4 - -19) - (-5 + -9 + 9 + 5)?
-40
Evaluate (-16 - 19 - -69) + -54.
-20
-60 + (134 - (-26 - -33))
67
What is the value of 14 - 8 - 184 - (-25 - 0)?
-153
Calculate -7 - (66 + -77 + (1 - 18)).
21
(6 - -42) + 38 - 52
34
What is 2 - (-19 - -20) - (20 + -1)?
-18
72 + (3 - 61) + 183 + -146
51
What is the value of (64 - (4 + 2 + 0)) + 0 + 15?
73
Calculate 5 - (-28 - ((9 - 2) + 252 + -271)).
21
What is 41 + (-60 + -4 - -13)?
-10
Calculate -52 + 46 + -25 + -21.
-52
Calculate (13 - (-32 + 49)) + 16.
12
What is the value of 13 - (32 + -74 + 33)?
22
What is the value of (-3 - -60) + 5 - (-9 + 9 + 1)?
61
What is the value of 32 - -15 - 0 - 44?
3
What is the value of -2 - (-9 + (-30 - -22))?
15
Evaluate ((1 - 2) + 4 - ((19 - 55) + -4)) + 8.
51
Calculate (159 + -74 - -62) + -81.
66
Evaluate 2 - -2 - (15 + 72 + -100 + (8 - 0)).
9
(-63 - (-19 - -26)) + -18 + 41
-47
Calculate -1746 - -1747 - (-1 + 35).
-33
What is the value of (-4 - (7 + -3 - -4 - (113 + -100))) + 38?
39
What is (-16 - (-18 - 24)) + (-23 - -4) + (-1 - 105)?
-99
What is the value of -7 + (8 - -1 - (70 - 71)) - (2 + -8)?
9
Evaluate -80 + 19 + (-30 - (-45 + 41)).
-87
55 + -150 + 97 + 62
64
What is -3 + (-49 - (-4 - 7 - -15 - 3))?
-53
(-139 - -140 - (1 - -41)) + -23
-64
Evaluate 8 - (-29 - -29 - 17).
25
What is 18 - (6 + (-18 + (38 - 17) - 19))?
28
What is -4 + (-1078 - -1052 - (-1 + 23))?
-52
8 + 4 + -9 + 4 - 6 - 7
-6
What is the value of (-5 - -10) + (7 - (-5 + 2 + 16)) - 30?
-31
What is the value of -8 - (8 + -4 - (263 + -240))?
11
What is 10 - (-5 - (29 + 10)) - 21?
33
Evaluate 30 - (17 - (-4 - (-8 + 8))).
9
Evaluate 57 - (27 - -99) - -6.
-63
Evaluate (7 + (5 - (34 + -14)) - -6) + -90.
-92
What is (-38 - (-42 + 23)) + 23 + -55 + 0 + 0?
-51
What is -70 - (-151 - -57) - (-21 - -1)?
44
What is 93 + -62 + 2 - -7?
40
What is the value of 13 - (31 - 3 - -2)?
-17
-34 + 2 + 19 + 23 + 60
70
Calculate -30 + 25 + (-3 + -19 - 14).
-41
What is 97 - 12 - (27 + -4)?
62
What is the value of 3 - -11 - 20 - (0 - 2 - -135) - -14?
-125
What is the value of 14 + (46 + -40 - -4 - ((-4 - -2) + 6))?
20
Evaluate 91 + 74 + (-209 - -88).
44
(-1 - (7 - 0)) + 0 + 2 + (210 - 219)
-15
Evaluate -4 + (-2 + (29 - 29) - 58).
-64
Evaluate -35 + (31 - (-7 + 14)) + 51 + -4.
36
Calculate 9 + (92 + -79 - (-1 - -4 - 5)).
24
Evaluate 13 - (2 - -13) - 3.
-5
Evaluate -87 + 2 - (48 + 21 + -18 + -32).
-104
Calculate -8 + ((11 - 20) + 5 - (-5 + -70 + 1)).
62
Evaluate (23 + -14 + -6 - (3 + -6 + 3)) + 8.
11
-34 - (50 - 117 - -29)
4
What is 7 + (-55 - (-7 - 16)) + -22 + 11?
-36
What is the value of (-11 - (1 + -4 + 7)) + -9 + 10 + -10?
-24
What is the value of -93 + (-2 + 10 - (5 - 3 - (109 + -101)))?
-79
2 + -7 + 0 - (-132 + 19) - (6 - 13)
115
(16 - (24 + -22)) + -3 + 0 - (90 + -4)
-75
What is the value of -77 + 82 + 5 + (17 - 1) + 2?
28
(13 - 24 - -6) + -11 - -14
-2
What is 15 + (13 - (-6 + -20 - -88))?
-34
Evaluate -6 - (-20 + 34 + -21) - 1.
0
-10 + 50 + (-4 - -1) - (-99 + 11 - -77)
48
What is -29 + 6 + -19 + 36?
-6
-26 + 80 + -49 - 57
-52
What is the value of (4 - -10) + (0 - -21 - (112 - 100))?
23
What is the value of -6 + -15 + 30 + -41 + 89?
57
What is -9 + -35 + (12 - (-17 + 21 + -8))?
-28
What is the value of (1 - -6) + -79 + (126 - 68) + 39?
25
Calculate -1 + -9 + 12 + -17 + -8 + -7.
-30
What is 15 + (-89 - -121) + (-1 - -3 - 1) + -2?
46
What is the value of 3 - -11 - (51 - ((18 - -2) + 2))?
-15
Calculate (-43 + 5 - -31) + -33.
-40
-1 + 18 + (-44 - -13 - -9)
-5
Evaluate -70 + -3 + (1 - (-5 + -4 + -16 + 13)).
-60
What is 21 + -6 + 14 + 0 + 11 + -11 + -12?
17
What is 6 + -76 + (-1 - (27 + -11))?
-87
What is -2 - (8 - (57 + -37))?
10
-4 + 14 + -10 + (-6 - 13)
-19
What is -21 + 1 - (-35 + (6 - 23))?
32
What is -46 - (-37 + -112 + 189)?
-86
What is the value of (-2 - -66 - 5) + (-660 - -658)?
57
What is (147 - 161) + (-3 - -63)?
46
What is the value of (64 - 54) + -13 + -89?
-92
What is -22 + (14 - -10) + 9 - 54?
-43
What is -87 - (-188 + -75 + 117)?
59
Evaluate 13 + -92 - -84 - (0 - 27).
32
(140 - 3 - 136) + -31 + -2
-32
(31 - 10 - 47) + -21
-47
Calculate (-64 + 6 + 22 - -36) + -76.
-76
What is the value of -4305 + 4175 + 2 + 142?
14
Calculate 40 + (26 - -8) - 87.
-13
What is 8 + ((-3 - -12) + 2 - 13) + -35?
-29
Calculate (-361 - -351) + -1 + -34 + 7.
-38
Calculate -4 + (597 + -638 + -20 + 0 - -4).
-61
Calculate (16 - (6 - (-11 + 15) - -16)) + -73.
-75
Evaluate 54 + 51 - 107 - (-50 - -2).
46
What is -23 + (51 - 19) - (1 + -6)?
14
What is the v